What is the units digit of 2318?
8
What is the hundreds digit of 2162?
1
What is the units digit of 15678?
8
What is the hundreds digit of 60660?
6
What is the thousands digit of 6728?
6
What is the tens digit of 76527?
2
What is the units digit of 52?
2
What is the units digit of 97?
7
What is the thousands digit of 35842?
5
What is the units digit of 938?
8
What is the ten thousands digit of 36355?
3
What is the hundreds digit of 280?
2
What is the thousands digit of 28425?
8
What is the tens digit of 377?
7
What is the thousands digit of 11266?
1
What is the thousands digit of 77003?
7
What is the thousands digit of 23703?
3
What is the units digit of 7023?
3
What is the ten thousands digit of 61007?
6
What is the units digit of 1944?
4
What is the ten thousands digit of 10354?
1
What is the units digit of 3052?
2
What is the units digit of 130?
0
What is the tens digit of 2068?
6
What is the ten thousands digit of 106114?
0
What is the thousands digit of 10889?
0
What is the units digit of 3991?
1
What is the thousands digit of 12312?
2
What is the tens digit of 674?
7
What is the tens digit of 2563?
6
What is the hundreds digit of 7234?
2
What is the units digit of 2214?
4
What is the ten thousands digit of 21796?
2
What is the thousands digit of 6563?
6
What is the ten thousands digit of 17155?
1
What is the thousands digit of 9202?
9
What is the hundreds digit of 2616?
6
What is the tens digit of 194?
9
What is the ten thousands digit of 34185?
3
What is the thousands digit of 16466?
6
What is the units digit of 4881?
1
What is the hundreds digit of 8912?
9
What is the tens digit of 77865?
6
What is the hundreds digit of 799?
7
What is the units digit of 67844?
4
What is the tens digit of 40964?
6
What is the units digit of 3245?
5
What is the thousands digit of 5926?
5
What is the ten thousands digit of 29126?
2
What is the units digit of 684?
4
What is the hundreds digit of 653?
6
What is the thousands digit of 46099?
6
What is the units digit of 6720?
0
What is the ten thousands digit of 10661?
1
What is the tens digit of 109691?
9
What is the tens digit of 878?
7
What is the tens digit of 2234?
3
What is the thousands digit of 22405?
2
What is the thousands digit of 4551?
4
What is the thousands digit of 3182?
3
What is the tens digit of 26214?
1
What is the ten thousands digit of 23357?
2
What is the units digit of 6820?
0
What is the hundreds digit of 7572?
5
What is the thousands digit of 129648?
9
What is the tens digit of 1776?
7
What is the units digit of 341?
1
What is the hundreds digit of 61371?
3
What is the units digit of 12812?
2
What is the hundreds digit of 182510?
5
What is the tens digit of 63979?
7
What is the thousands digit of 9801?
9
What is the tens digit of 19211?
1
What is the thousands digit of 4516?
4
What is the tens digit of 1452?
5
What is the units digit of 3015?
5
What is the hundreds digit of 27621?
6
What is the hundred thousands digit of 151184?
1
What is the units digit of 12103?
3
What is the units digit of 15361?
1
What is the tens digit of 759?
5
What is the hundreds digit of 733?
7
What is the hundreds digit of 2173?
1
What is the thousands digit of 85306?
5
What is the ten thousands digit of 67351?
6
What is the thousands digit of 120072?
0
What is the tens digit of 657?
5
What is the units digit of 860?
0
What is the tens digit of 3855?
5
What is the tens digit of 10911?
1
What is the tens digit of 3438?
3
What is the hundreds digit of 269?
2
What is the units digit of 2661?
1
What is the units digit of 2179?
9
What is the thousands digit of 3355?
3
What is the units digit of 716?
6
What is the units digit of 4973?
3
What is the units digit of 596?
6
What is the tens digit of 3581?
8
What is the units digit of 52552?
2
What is the hundreds digit of 444?
4
What is the hundreds digit of 786?
7
What is the units digit of 4350?
0
What is the units digit of 210?
0
What is the units digit of 5826?
6
What is the hundreds digit of 501?
5
What is the thousands digit of 6028?
6
What is the hundreds digit of 98347?
3
What is the thousands digit of 1601?
1
What is the ten thousands digit of 15112?
1
What is the thousands digit of 55738?
5
What is the units digit of 146?
6
What is the hundreds digit of 103?
1
What is the units digit of 3015?
5
What is the units digit of 1248?
8
What is the hundreds digit of 316?
3
What is the units digit of 9?
9
What is the units digit of 95160?
0
What is the hundreds digit of 12082?
0
What is the hundreds digit of 1247?
2
What is the units digit of 26150?
0
What is the units digit of 145895?
5
What is the tens digit of 495?
9
What is the hundreds digit of 4273?
2
What is the thousands digit of 1254?
1
What is the thousands digit of 58637?
8
What is the units digit of 8103?
3
What is the tens digit of 1317?
1
What is the tens digit of 13176?
7
What is the tens digit of 3712?
1
What is the tens digit of 3256?
5
What is the tens digit of 5407?
0
What is the hundreds digit of 226?
2
What is the units digit of 852?
2
What is the thousands digit of 2979?
2
What is the ten thousands digit of 11827?
1
What is the hundreds digit of 1571?
5
What is the units digit of 42706?
6
What is the hundreds digit of 19928?
9
What is the tens digit of 17392?
9
What is the tens digit of 36557?
5
What is the thousands digit of 3593?
3
What is the hundreds digit of 94439?
4
What is the thousands digit of 110983?
0
What is the thousands digit of 2888?
2
What is the tens digit of 2823?
2
What is the units digit of 2052?
2
What is the hundreds digit of 2619?
6
What is the tens digit of 1777?
7
What is the units digit of 845?
5
What is the units digit of 273?
3
What is the units digit of 401?
1
What is the units digit of 9650?
0
What is the units digit of 124027?
7
What is the thousands digit of 4905?
4
What is the tens digit of 538?
3
What is the hundreds digit of 56187?
1
What is the tens digit of 905?
0
What is the thousands digit of 15234?
5
What is the units digit of 5341?
1
What is the tens digit of 1978?
7
What is the tens digit of 773?
7
What is the units digit of 1185?
5
What is the units digit of 2019?
9
What is the units digit of 924?
4
What is the tens digit of 100?
0
What is the tens digit of 317?
1
What is the units digit of 1671?
1
What is the tens digit of 47590?
9
What is the tens digit of 5772?
7
What is the thousands digit of 5825?
5
What is the thousands digit of 3021?
3
What is the tens digit of 1985?
8
What is the thousands digit of 3489?
3
What is the tens digit of 14818?
1
What is the thousands digit of 3519?
3
What is the tens digit of 8366?
6
What is the thousands digit of 41148?
1
What is the hundreds digit of 332?
3
What is the units digit of 582?
2
What is the hundreds digit of 17264?
2
What is the units digit of 30530?
0
What is the hundreds digit of 52661?
6
What is the tens digit of 647?
4
What is the thousands digit of 15213?
5
What is the hundreds digit of 2632?
6
What is the hundreds digit of 402?
4
What is the hundreds digit of 20664?
6
What is the thousands digit of 45795?
5
What is the units digit of 5665?
5
What is the ten thousands digit of 83480?
8
What is the thousands digit of 1078?
1
What is the ten thousands digit of 18932?
1
What is the units digit of 1248?
8
What is the thousands digit of 4153?
4
What is the hundreds digit of 939?
9
What is the tens digit of 1975?
7
What is the tens digit of 64880?
8
What is the units digit of 20141?
1
What is the hundreds digit of 2011?
0
What is the thousands digit of 9366?
9
What is the hundreds digit of 2951?
9
What is the hundreds digit of 42885?
8
What is the hundreds digit of 1221?
2
What is the tens digit of 1795?
9
What is the units digit of 1421?
1
What is the hundreds digit of 13995?
9
What is the tens digit of 80?
8
What is the tens digit of 19984?
8
What is the thousands digit of 37530?
7
What is the tens digit of 85352?
5
What is the hundreds digit of 4620?
6
What is the ten thousands digit of 65762?
6
What is the hundreds digit of 11411?
4
What is the units digit of 159?
9
What is the thousands digit of 19611?
9
What is the thousands digit of 20910?
0
What is the tens digit of 9743?
4
What is the thousands digit of 22729?
2
What is the units digit of 292?
2
What is the thousands digit of 39839?
9
What